{"id":2,"date":"2024-07-03T16:29:02","date_gmt":"2024-07-03T14:29:02","guid":{"rendered":"https:\/\/questionaribce.chiesacattolica.it\/indagineinclusione\/?page_id=2"},"modified":"2024-07-16T15:07:36","modified_gmt":"2024-07-16T13:07:36","slug":"pagina-di-esempio","status":"publish","type":"page","link":"https:\/\/questionaribce.chiesacattolica.it\/indagineinclusione\/","title":{"rendered":"Home"},"content":{"rendered":"<p>Con il convegno di Firenze <em>Oltre lo scivolo:<\/em> <em>Beni culturali ecclesiastici dall&#8217;accessibilit\u00e0 all&#8217;inclusione<\/em> (12-13 maggio 2023) l\u2019Ufficio BCE ha inteso avviare un percorso che dia maggiore visibilit\u00e0 allo sforzo degli istituti culturali ecclesiastici di rispondere alle esigenze speciali delle persone con disabilit\u00e0.<\/p>\n<p>&nbsp;<\/p>\n<p>Per dare continuit\u00e0 a questo percorso, l\u2019Ufficio BCE nel suo ruolo di confronto e raccordo, parteciper\u00e0 al convegno AIB sull\u2019inclusione che si terr\u00e0 a Napoli nei giorni 21-23 novembre 2024 dove intende riportare una fotografia del crescente impegno perpetrato dagli istituti culturali ecclesiastici su questo tema. Pertanto propone il presente questionario allo scopo di rilevare dati significativi relativi all\u2019anno 2023. Sar\u00e0 anche l\u2019occasione per condividere con le istituzioni dati che attualmente non sono registrati nell\u2019anagrafe degli istituti ecclesiastici e non vengono per questo inviati all\u2019ISTAT.<\/p>\n<p>&nbsp;<\/p>\n<p>Cogliamo anche l\u2019occasione per evidenziare che dal mese di luglio dalla scheda anagrafe del vostro istituto \u00e8 disponibile l\u2019accesso al nuovo modulo<strong><em> Accessibilit\u00e0 Edifici <\/em><\/strong>per la registrazione dei dati di accessibilit\u00e0 motoria che saranno pubblicati e consultabili su BeWeB.<\/p>\n<p>&nbsp;<\/p>\n<p>Vi ringraziamo per la collaborazione che offrirete nella compilazione del questionario.<\/p>\n<p>&nbsp;<\/p>\n<p>Indicazioni operative:<\/p>\n<ul>\n<li>Il questionario va completato e inviato <strong>entro il 30 settembre 2024<\/strong><\/li>\n<li>I dati richiesti vanno riferiti all\u2019anno <strong>2023<\/strong><\/li>\n<li>Se vi occupate di pi\u00f9 istituti culturali, vi chiediamo cortesemente di compilare <strong>un questionario per ciascun istituto<\/strong><\/li>\n<\/ul>\n<p>&nbsp;<\/p>\n<p style=\"text-align: center; font-weight: bold;\"><strong><a href=\"https:\/\/questionaribce.chiesacattolica.it\/indagineinclusione\/questionario\/\">clicca qui per iniziare il questionario<\/a><\/strong><\/p>\n","protected":false},"excerpt":{"rendered":"<p>Con il convegno di Firenze Oltre lo scivolo: Beni culturali ecclesiastici dall&#8217;accessibilit\u00e0 all&#8217;inclusione (12-13 maggio 2023) l\u2019Ufficio BCE ha inteso avviare un percorso che dia maggiore visibilit\u00e0 allo sforzo degli istituti culturali ecclesiastici di rispondere alle esigenze speciali delle persone con disabilit\u00e0. &nbsp; Per dare continuit\u00e0 a questo percorso, l\u2019Ufficio BCE nel suo ruolo di confronto e raccordo, parteciper\u00e0 al convegno AIB sull\u2019inclusione che si &hellip; <a href=\"https:\/\/questionaribce.chiesacattolica.it\/indagineinclusione\/\" class=\"more-link\">Continue reading <span class=\"screen-reader-text\">Home<\/span> <span class=\"meta-nav\">&raquo;<\/span><\/a><\/p>\n","protected":false},"author":1,"featured_media":0,"parent":0,"menu_order":0,"comment_status":"closed","ping_status":"closed","template":"page-templates\/front-page.php","meta":{"ip_address":"","user_agent":"","level":"","revision":"","cookie_id":"","page_referer":"","html_form":"","footnotes":""},"class_list":["post-2","page","type-page","status-publish","hentry"],"_links":{"self":[{"href":"https:\/\/questionaribce.chiesacattolica.it\/indagineinclusione\/wp-json\/wp\/v2\/pages\/2","targetHints":{"allow":["GET"]}}],"collection":[{"href":"https:\/\/questionaribce.chiesacattolica.it\/indagineinclusione\/wp-json\/wp\/v2\/pages"}],"about":[{"href":"https:\/\/questionaribce.chiesacattolica.it\/indagineinclusione\/wp-json\/wp\/v2\/types\/page"}],"author":[{"embeddable":true,"href":"https:\/\/questionaribce.chiesacattolica.it\/indagineinclusione\/wp-json\/wp\/v2\/users\/1"}],"replies":[{"embeddable":true,"href":"https:\/\/questionaribce.chiesacattolica.it\/indagineinclusione\/wp-json\/wp\/v2\/comments?post=2"}],"version-history":[{"count":5,"href":"https:\/\/questionaribce.chiesacattolica.it\/indagineinclusione\/wp-json\/wp\/v2\/pages\/2\/revisions"}],"predecessor-version":[{"id":34,"href":"https:\/\/questionaribce.chiesacattolica.it\/indagineinclusione\/wp-json\/wp\/v2\/pages\/2\/revisions\/34"}],"wp:attachment":[{"href":"https:\/\/questionaribce.chiesacattolica.it\/indagineinclusione\/wp-json\/wp\/v2\/media?parent=2"}],"curies":[{"name":"wp","href":"https:\/\/api.w.org\/{rel}","templated":true}]}}